 when 4556349 is divided by 6302?
3
Calculate the remainder when 44509112 is divided by 80.
72
What is the remainder when 707875 is divided by 235951?
22
What is the remainder when 83399 is divided by 20644?
823
Calculate the remainder when 376106 is divided by 957.
5
What is the remainder when 794725 is divided by 158565?
1900
What is the remainder when 1536920 is divided by 1702?
14
Calculate the remainder when 128517134 is divided by 563.
561
What is the remainder when 782678 is divided by 835?
283
What is the remainder when 81440 is divided by 2168?
1224
What is the remainder when 143842691 is divided by 13233?
13214
What is the remainder when 74125 is divided by 18496?
141
Calculate the remainder when 1721643 is divided by 1529.
1518
Calculate the remainder when 259545 is divided by 17213.
1350
Calculate the remainder when 4765 is divided by 1838.
1089
What is the remainder when 4557030 is divided by 239835?
165
Calculate the remainder when 1236118 is divided by 120.
118
What is the remainder when 90335 is divided by 29688?
1271
Calculate the remainder when 1185237 is divided by 664.
661
What is the remainder when 88000101 is divided by 8?
5
Calculate the remainder when 442868 is divided by 88568.
28
Calculate the remainder when 50616 is divided by 49375.
1241
What is the remainder when 205343433 is divided by 34?
25
What is the remainder when 35501695 is divided by 99?
97
Calculate the remainder when 71554078 is divided by 32.
30
What is the remainder when 34694 is divided by 11534?
92
What is the remainder when 171287 is divided by 34235?
112
Calculate the remainder when 44356 is divided by 145.
131
Calculate the remainder when 13691839 is divided by 199.
42
Calculate the remainder when 120519 is divided by 2959.
2159
Calculate the remainder when 328778260 is divided by 133.
132
What is the remainder when 437699047 is divided by 18?
13
What is the remainder when 1842627 is divided by 1146?
1005
What is the remainder when 1293744 is divided by 3794?
3784
What is the remainder when 91056 is divided by 45489?
78
Calculate the remainder when 753494 is divided by 153.
122
Calculate the remainder when 12207 is divided by 5216.
1775
Calculate the remainder when 134975 is divided by 14997.
2
Calculate the remainder when 2302017 is divided by 137.
6
Calculate the remainder when 519190 is divided by 86523.
52
What is the remainder when 6527417 is divided by 404?
393
What is the remainder when 1816577 is divided by 363297?
92
Calculate the remainder when 1397240 is divided by 1397223.
17
What is the remainder when 288104542 is divided by 468?
466
Calculate the remainder when 24931 is divided by 24655.
276
What is the remainder when 2024534 is divided by 766?
762
Calculate the remainder when 8852405 is divided by 1770481.
0
Calculate the remainder when 59178 is divided by 2925.
678
What is the remainder when 10057342 is divided by 4031?
4028
Calculate the remainder when 351515241 is divided by 9250401.
3
Calculate the remainder when 221510 is divided by 2801.
231
Calculate the remainder when 218584 is divided by 27313.
80
What is the remainder when 7496 is divided by 6569?
927
Calculate the remainder when 10011598 is divided by 90.
88
What is the remainder when 82696309 is divided by 1144?
1125
What is the remainder when 1301185 is divided by 7310?
5
What is the remainder when 71444178 is divided by 1681?
1678
Calculate the remainder when 26243 is divided by 113.
27
Calculate the remainder when 31539 is divided by 31060.
479
What is the remainder when 10251757 is divided by 776?
21
What is the remainder when 2842571 is divided by 6475?
46
What is the remainder when 48542 is divided by 9545?
817
What is the remainder when 9498 is divided by 1087?
802
What is the remainder when 438006 is divided by 145274?
2184
Calculate the remainder when 659115 is divided by 34690.
5
What is the remainder when 16726794 is divided by 2787796?
18
Calculate the remainder when 16425 is divided by 16023.
402
What is the remainder when 21989 is divided by 3472?
1157
What is the remainder when 560326 is divided by 3169?
2582
What is the remainder when 247419934 is divided by 92?
10
Calculate the remainder when 12619 is divided by 893.
117
Calculate the remainder when 1629095 is divided by 63.
41
What is the remainder when 1111508 is divided by 277174?
2812
Calculate the remainder when 35637 is divided by 7061.
332
Calculate the remainder when 772672 is divided by 9.
4
Calculate the remainder when 688396 is divided by 3979.
29
Calculate the remainder when 793649 is divided by 158707.
114
What is the remainder when 99111124 is divided by 2264?
2260
Calculate the remainder when 41579724 is divided by 86.
14
What is the remainder when 32187946 is divided by 577?
1
Calculate the remainder when 635489 is divided by 2050.
2039
What is the remainder when 174880 is divided by 773?
182
Calculate the remainder when 3254833 is divided by 204.
13
What is the remainder when 22714262 is divided by 26?
12
Calculate the remainder when 2202 is divided by 819.
564
What is the remainder when 924176 is divided by 9053?
770
Calculate the remainder when 377627 is divided by 6190.
37
Calculate the remainder when 9596 is divided by 4630.
336
Calculate the remainder when 32673 is divided by 1792.
417
Calculate the remainder when 202787 is divided by 101077.
633
What is the remainder when 217122 is divided by 54150?
522
Calculate the remainder when 35847 is divided by 4480.
7
What is the remainder when 50130 is divided by 24784?
562
What is the remainder when 22154 is divided by 1137?
551
Calculate the remainder when 4229387 is divided by 4229378.
9
Calculate the remainder when 40466161 is divided by 22.
21
Calculate the remainder when 71957464 is divided by 2978.
50
What is the remainder when 17827118 is divided by 169?
153
What is the remainder when 113610 is divided by 37832?
114
What is the remainder when 3583866 is divided by 576?
570
What is the remainder when 507868 is divided by 4819?
1873
Calculate the remainder when 6104675 is divided by 178.
165
Calculate the remainder when 25902799 is divided by 1925.
1924
What is the remainder when 29156247 is divided by 1388391?
36
Calculate the remainder when 1232434 is divided by 2295.
19
Calculate the remainder when 5507189 is divided by 1569.
1568
Calculate the remainder when 332432 is divided by 598.
542
Calculate the remainder when 276088 is divided by 6004.
5908
Calculate the remainder when 6531322 is divided by 4726.
4716
What is the remainder when 12245 is divided by 144?
5
What is the remainder when 133433349 is divided by 85699?
6
Calculate the remainder when 416392 is divided by 41.
37
Calculate the remainder when 199822 is divided by 566.
24
What is the remainder when 10649063 is divided by 34?
25
What is the remainder when 4590332 is divided by 191258?
140
Calculate the remainder when 1578223 is divided by 1081.
1044
What is the remainder when 206579 is divided by 10327?
39
Calculate the remainder when 10506483 is divided by 618028.
7
What is the remainder when 931712 is divided by 133032?
488
What is the remainder when 352981554 is divided by 17?
14
Calculate the remainder when 202446 is divided by 28833.
615
Calculate the remainder when 15806477 is divided by 19.
16
What is the remainder when 458708 is divided by 458676?
32
Calculate the remainder when 8089430 is divided by 197.
19
Calculate the remainder when 9520500 is divided by 126.
66
Calculate the remainder when 44466 is divided by 2944.
306
What is the remainder when 242948 is divided by 437?
413
Calculate the remainder when 9709181 is divided by 21.
20
What is the remainder when 422212 is divided by 227?
219
What is the remainder when 1557381 is divided by 104?
85
Calculate the remainder when 11866305 is divided by 81276.
9
What is the remainder when 13588055 is divided by 986?
975
Calculate the remainder when 289812 is divided by 167.
67
Calculate the remainder when 33859 is divided by 11.
1
What is the remainder when 3086363 is divided by 16?
11
What is the remainder when 1429529406 is divided by 371?
368
What is the remainder when 1494251 is divided by 3405?
2861
Calculate the remainder when 96970 is divided by 2848.
138
What is the remainder when 1533491 is divided by 